{"id":16,"date":"2026-08-31T23:51:29","date_gmt":"2026-08-31T23:51:29","guid":{"rendered":"https:\/\/amvdesign.me\/dizajn-enterijera-crna-gora\/"},"modified":"2026-09-04T05:48:17","modified_gmt":"2026-09-04T03:48:17","slug":"dizajn-enterijera-crna-gora","status":"publish","type":"page","link":"https:\/\/amvdesign.me\/en\/dizajn-enterijera-crna-gora\/","title":{"rendered":"Interior design"},"content":{"rendered":"<h2>Enterijer koji radi za vas<\/h2>\n<p>Va\u0161 prostor treba da odra\u017eava va\u0161 stil, potrebe i na\u010din \u017eivota. Razvijamo cjelovita rje\u0161enja \u2014 od organizacije i koncepta do materijala, rasvjete, namje\u0161taja i detalja.<\/p>\n<h3>Koncept i organizacija<\/h3>\n<p>Pronalazimo najbolji raspored i vizuelni pravac za prostor.<\/p>\n<h3>Materijali i tehni\u010dka razrada<\/h3>\n<p>Defini\u0161emo zavr\u0161ne obrade, boje, rasvjetu, namje\u0161taj i detalje potrebne za precizno izvo\u0111enje.<\/p>\n<h3>Realizacija<\/h3>\n<p>Po potrebi koordiniramo izvo\u0111a\u010de i pratimo da izvedeno rje\u0161enje ostane vjerno projektu.<\/p>","protected":false},"excerpt":{"rendered":"<p>Funkcionalni i prepoznatljivi enterijeri prilago\u0111eni prostoru, korisniku i bud\u017eetu.<\/p>","protected":false},"author":1,"featured_media":0,"parent":0,"menu_order":0,"comment_status":"closed","ping_status":"closed","template":"","meta":{"footnotes":""},"class_list":["post-16","page","type-page","status-publish","hentry"],"_links":{"self":[{"href":"https:\/\/amvdesign.me\/en\/wp-json\/wp\/v2\/pages\/16","targetHints":{"allow":["GET"]}}],"collection":[{"href":"https:\/\/amvdesign.me\/en\/wp-json\/wp\/v2\/pages"}],"about":[{"href":"https:\/\/amvdesign.me\/en\/wp-json\/wp\/v2\/types\/page"}],"author":[{"embeddable":true,"href":"https:\/\/amvdesign.me\/en\/wp-json\/wp\/v2\/users\/1"}],"replies":[{"embeddable":true,"href":"https:\/\/amvdesign.me\/en\/wp-json\/wp\/v2\/comments?post=16"}],"version-history":[{"count":1,"href":"https:\/\/amvdesign.me\/en\/wp-json\/wp\/v2\/pages\/16\/revisions"}],"predecessor-version":[{"id":90,"href":"https:\/\/amvdesign.me\/en\/wp-json\/wp\/v2\/pages\/16\/revisions\/90"}],"wp:attachment":[{"href":"https:\/\/amvdesign.me\/en\/wp-json\/wp\/v2\/media?parent=16"}],"curies":[{"name":"wp","href":"https:\/\/api.w.org\/{rel}","templated":true}]}}

<h2>Enterijer koji radi za vas</h2>
<p>Vaš prostor treba da odražava vaš stil, potrebe i način života. Razvijamo cjelovita rješenja — od organizacije i koncepta do materijala, rasvjete, namještaja i detalja.</p>
<h3>Koncept i organizacija</h3>
<p>Pronalazimo najbolji raspored i vizuelni pravac za prostor.</p>
<h3>Materijali i tehnička razrada</h3>
<p>Definišemo završne obrade, boje, rasvjetu, namještaj i detalje potrebne za precizno izvođenje.</p>
<h3>Realizacija</h3>
<p>Po potrebi koordiniramo izvođače i pratimo da izvedeno rješenje ostane vjerno projektu.</p>

<p>Funkcionalni i prepoznatljivi enterijeri prilagođeni prostoru, korisniku i budžetu.</p>
