{"id":26,"date":"2026-08-31T23:51:29","date_gmt":"2026-08-31T23:51:29","guid":{"rendered":"https:\/\/amvdesign.me\/projekat\/elegancija-doma\/"},"modified":"2026-09-04T05:51:52","modified_gmt":"2026-09-04T03:51:52","slug":"elegancija-doma","status":"publish","type":"amv_project","link":"https:\/\/amvdesign.me\/en\/projekat\/elegancija-doma\/","title":{"rendered":"Elegancija doma"},"content":{"rendered":"<div class=\"amv-project-intro\">\n<p class=\"amv-kicker\">Odabrani projekat<\/p>\n<h2>Elegancija doma<\/h2>\n<p>Svijetla paleta, kamen, drvo i diskretni metalni akcenti daju domu osje\u0107aj lako\u0107e, dok pa\u017eljiva organizacija \u010duva svakodnevnu funkcionalnost.<\/p>\n<\/div>\n<div class=\"amv-project-gallery\">\n<figure class=\"amv-project-gallery-item amv-project-gallery-item--1\"><img src=\"https:\/\/amvdesign.me\/wp-content\/themes\/amvdesign\/assets\/images\/migrated\/projects\/elegancija-doma\/elegancija-doma-01.webp\" alt=\"Dnevni boravak \u2014 Elegancija doma\" loading=\"lazy\" decoding=\"async\"><figcaption><strong>Dnevni boravak<\/strong><span>Elegancija doma<\/span><\/figcaption><\/figure>\n<figure class=\"amv-project-gallery-item amv-project-gallery-item--2\"><img src=\"https:\/\/amvdesign.me\/wp-content\/themes\/amvdesign\/assets\/images\/migrated\/projects\/elegancija-doma\/elegancija-doma-02.webp\" alt=\"Trpezarijska zona \u2014 Elegancija doma\" loading=\"lazy\" decoding=\"async\"><figcaption><strong>Trpezarijska zona<\/strong><span>Elegancija doma<\/span><\/figcaption><\/figure>\n<figure class=\"amv-project-gallery-item amv-project-gallery-item--3\"><img src=\"https:\/\/amvdesign.me\/wp-content\/themes\/amvdesign\/assets\/images\/migrated\/projects\/elegancija-doma\/elegancija-doma-03.webp\" alt=\"Spava\u0107a zona \u2014 Elegancija doma\" loading=\"lazy\" decoding=\"async\"><figcaption><strong>Spava\u0107a zona<\/strong><span>Elegancija doma<\/span><\/figcaption><\/figure>\n<figure class=\"amv-project-gallery-item amv-project-gallery-item--4\"><img src=\"https:\/\/amvdesign.me\/wp-content\/themes\/amvdesign\/assets\/images\/migrated\/projects\/elegancija-doma\/elegancija-doma-04.webp\" alt=\"Kupatilo \u2014 Elegancija doma\" loading=\"lazy\" decoding=\"async\"><figcaption><strong>Kupatilo<\/strong><span>Elegancija doma<\/span><\/figcaption><\/figure>\n<\/div>","protected":false},"excerpt":{"rendered":"<p>Sveden i sofisticiran porodi\u010dni enterijer zasnovan na proporciji, teksturi i kvalitetu detalja.<\/p>","protected":false},"featured_media":0,"template":"","amv_project_type":[7,11],"class_list":["post-26","amv_project","type-amv_project","status-publish","hentry","amv_project_type-kupatila","amv_project_type-stanovi"],"_links":{"self":[{"href":"https:\/\/amvdesign.me\/en\/wp-json\/wp\/v2\/amv_project\/26","targetHints":{"allow":["GET"]}}],"collection":[{"href":"https:\/\/amvdesign.me\/en\/wp-json\/wp\/v2\/amv_project"}],"about":[{"href":"https:\/\/amvdesign.me\/en\/wp-json\/wp\/v2\/types\/amv_project"}],"version-history":[{"count":1,"href":"https:\/\/amvdesign.me\/en\/wp-json\/wp\/v2\/amv_project\/26\/revisions"}],"predecessor-version":[{"id":55,"href":"https:\/\/amvdesign.me\/en\/wp-json\/wp\/v2\/amv_project\/26\/revisions\/55"}],"wp:attachment":[{"href":"https:\/\/amvdesign.me\/en\/wp-json\/wp\/v2\/media?parent=26"}],"wp:term":[{"taxonomy":"amv_project_type","embeddable":true,"href":"https:\/\/amvdesign.me\/en\/wp-json\/wp\/v2\/amv_project_type?post=26"}],"curies":[{"name":"wp","href":"https:\/\/api.w.org\/{rel}","templated":true}]}}

<div class="amv-project-intro">
<p class="amv-kicker">Odabrani projekat</p>
<h2>Elegancija doma</h2>
<p>Svijetla paleta, kamen, drvo i diskretni metalni akcenti daju domu osjećaj lakoće, dok pažljiva organizacija čuva svakodnevnu funkcionalnost.</p>
</div>
<div class="amv-project-gallery">
<figure class="amv-project-gallery-item amv-project-gallery-item--1"><img src="https://amvdesign.me/wp-content/themes/amvdesign/assets/images/migrated/projects/elegancija-doma/elegancija-doma-01.webp" alt="Dnevni boravak — Elegancija doma" loading="lazy" decoding="async"><figcaption><strong>Dnevni boravak</strong><span>Elegancija doma</span></figcaption></figure>
<figure class="amv-project-gallery-item amv-project-gallery-item--2"><img src="https://amvdesign.me/wp-content/themes/amvdesign/assets/images/migrated/projects/elegancija-doma/elegancija-doma-02.webp" alt="Trpezarijska zona — Elegancija doma" loading="lazy" decoding="async"><figcaption><strong>Trpezarijska zona</strong><span>Elegancija doma</span></figcaption></figure>
<figure class="amv-project-gallery-item amv-project-gallery-item--3"><img src="https://amvdesign.me/wp-content/themes/amvdesign/assets/images/migrated/projects/elegancija-doma/elegancija-doma-03.webp" alt="Spavaća zona — Elegancija doma" loading="lazy" decoding="async"><figcaption><strong>Spavaća zona</strong><span>Elegancija doma</span></figcaption></figure>
<figure class="amv-project-gallery-item amv-project-gallery-item--4"><img src="https://amvdesign.me/wp-content/themes/amvdesign/assets/images/migrated/projects/elegancija-doma/elegancija-doma-04.webp" alt="Kupatilo — Elegancija doma" loading="lazy" decoding="async"><figcaption><strong>Kupatilo</strong><span>Elegancija doma</span></figcaption></figure>
</div>

<p>Sveden i sofisticiran porodični enterijer zasnovan na proporciji, teksturi i kvalitetu detalja.</p>
