{"id":23,"date":"2026-08-31T23:51:29","date_gmt":"2026-08-31T23:51:29","guid":{"rendered":"https:\/\/amvdesign.me\/projekat\/villa-niksic\/"},"modified":"2026-09-04T05:52:16","modified_gmt":"2026-09-04T03:52:16","slug":"villa-niksic","status":"publish","type":"amv_project","link":"https:\/\/amvdesign.me\/en\/projekat\/villa-niksic\/","title":{"rendered":"Villa Nik\u0161i\u0107"},"content":{"rendered":"<div class=\"amv-project-intro\">\n<p class=\"amv-kicker\">Odabrani projekat<\/p>\n<h2>Villa Nik\u0161i\u0107<\/h2>\n<p>Projekat savremene porodi\u010dne vile razvijen je kao mirna cjelina u kojoj arhitektura, enterijer i prirodno okru\u017eenje grade isti do\u017eivljaj prostora.<\/p>\n<\/div>\n<div class=\"amv-project-gallery\">\n<figure class=\"amv-project-gallery-item amv-project-gallery-item--1\"><img src=\"https:\/\/amvdesign.me\/wp-content\/themes\/amvdesign\/assets\/images\/migrated\/projects\/villa-niksic\/villa-niksic-01.webp\" alt=\"Centralni dnevni prostor \u2014 Villa Nik\u0161i\u0107\" loading=\"lazy\" decoding=\"async\"><figcaption><strong>Centralni dnevni prostor<\/strong><span>Villa Nik\u0161i\u0107<\/span><\/figcaption><\/figure>\n<\/div>","protected":false},"excerpt":{"rendered":"<p>Savremena vila oblikovana kroz mirne volumene, prirodne materijale i sna\u017enu vezu enterijera sa okru\u017eenjem.<\/p>","protected":false},"featured_media":0,"template":"","amv_project_type":[10],"class_list":["post-23","amv_project","type-amv_project","status-publish","hentry","amv_project_type-kuce-i-vile"],"_links":{"self":[{"href":"https:\/\/amvdesign.me\/en\/wp-json\/wp\/v2\/amv_project\/23","targetHints":{"allow":["GET"]}}],"collection":[{"href":"https:\/\/amvdesign.me\/en\/wp-json\/wp\/v2\/amv_project"}],"about":[{"href":"https:\/\/amvdesign.me\/en\/wp-json\/wp\/v2\/types\/amv_project"}],"version-history":[{"count":1,"href":"https:\/\/amvdesign.me\/en\/wp-json\/wp\/v2\/amv_project\/23\/revisions"}],"predecessor-version":[{"id":52,"href":"https:\/\/amvdesign.me\/en\/wp-json\/wp\/v2\/amv_project\/23\/revisions\/52"}],"wp:attachment":[{"href":"https:\/\/amvdesign.me\/en\/wp-json\/wp\/v2\/media?parent=23"}],"wp:term":[{"taxonomy":"amv_project_type","embeddable":true,"href":"https:\/\/amvdesign.me\/en\/wp-json\/wp\/v2\/amv_project_type?post=23"}],"curies":[{"name":"wp","href":"https:\/\/api.w.org\/{rel}","templated":true}]}}

Villa Nikšić

<div class="amv-project-intro">
<p class="amv-kicker">Odabrani projekat</p>
<h2>Villa Nikšić</h2>
<p>Projekat savremene porodične vile razvijen je kao mirna cjelina u kojoj arhitektura, enterijer i prirodno okruženje grade isti doživljaj prostora.</p>
</div>
<div class="amv-project-gallery">
<figure class="amv-project-gallery-item amv-project-gallery-item--1"><img src="https://amvdesign.me/wp-content/themes/amvdesign/assets/images/migrated/projects/villa-niksic/villa-niksic-01.webp" alt="Centralni dnevni prostor — Villa Nikšić" loading="lazy" decoding="async"><figcaption><strong>Centralni dnevni prostor</strong><span>Villa Nikšić</span></figcaption></figure>
</div>

<p>Savremena vila oblikovana kroz mirne volumene, prirodne materijale i snažnu vezu enterijera sa okruženjem.</p>
